4?
2
What is the ten millions digit of 33560578?
3
What is the millions digit of 2006001617?
6
What is the thousands digit of 44480513?
0
What is the hundred thousands digit of 1511891997?
8
What is the millions digit of 911661868?
1
What is the millions digit of 192935016?
2
What is the millions digit of 210517407?
0
What is the tens digit of 73582546?
4
What is the ten millions digit of 1789675140?
8
What is the thousands digit of 22718896?
8
What is the thousands digit of 5014571?
4
What is the hundred thousands digit of 2474443013?
4
What is the hundred thousands digit of 1975739506?
7
What is the hundreds digit of 59148719?
7
What is the tens digit of 117165566?
6
What is the hundreds digit of 1659304627?
6
What is the billions digit of 5465276841?
5
What is the millions digit of 92080434?
2
What is the billions digit of 1963381236?
1
What is the units digit of 35841630?
0
What is the thousands digit of 366520621?
0
What is the thousands digit of 67234155?
4
What is the millions digit of 1399725640?
9
What is the tens digit of 375886423?
2
What is the hundreds digit of 1207345266?
2
What is the hundred thousands digit of 48125378?
1
What is the millions digit of 667630193?
7
What is the hundred millions digit of 2665308425?
6
What is the hundred millions digit of 178916241?
1
What is the thousands digit of 213592247?
2
What is the tens digit of 3511388595?
9
What is the units digit of 162958192?
2
What is the thousands digit of 4275924423?
4
What is the hundreds digit of 2706225852?
8
What is the units digit of 6212255650?
0
What is the hundred thousands digit of 2013325856?
3
What is the hundreds digit of 265145902?
9
What is the tens digit of 735701796?
9
What is the tens digit of 7817029126?
2
What is the millions digit of 557505404?
7
What is the ten millions digit of 454067236?
5
What is the units digit of 1352666794?
4
What is the ten thousands digit of 380574211?
7
What is the tens digit of 221378312?
1
What is the ten thousands digit of 1875484269?
8
What is the hundred thousands digit of 2868484853?
4
What is the hundred thousands digit of 29951516?
9
What is the tens digit of 54377827?
2
What is the ten thousands digit of 2728586469?
8
What is the hundreds digit of 31638002?
0
What is the ten thousands digit of 45500368?
0
What is the thousands digit of 20229481?
9
What is the hundreds digit of 69878821?
8
What is the units digit of 3125939424?
4
What is the tens digit of 340953642?
4
What is the tens digit of 3236450618?
1
What is the hundreds digit of 2134887006?
0
What is the hundreds digit of 580921994?
9
What is the thousands digit of 13120396?
0
What is the hundred thousands digit of 87144236?
1
What is the hundred millions digit of 329996302?
3
What is the hundred thousands digit of 696873462?
8
What is the units digit of 90437769?
9
What is the ten thousands digit of 5123050581?
5
What is the units digit of 161970197?
7
What is the tens digit of 929074202?
0
What is the hundreds digit of 59376808?
8
What is the thousands digit of 177054254?
4
What is the hundred thousands digit of 172318190?
3
What is the hundred thousands digit of 299943844?
9
What is the millions digit of 519315358?
9
What is the millions digit of 14867787?
4
What is the tens digit of 1007357697?
9
What is the thousands digit of 2057356812?
6
What is the hundred millions digit of 531365948?
5
What is the billions digit of 8908583576?
8
What is the tens digit of 34074084?
8
What is the hundred thousands digit of 1521484639?
4
What is the thousands digit of 70769852?
9
What is the tens digit of 355978888?
8
What is the thousands digit of 4251465048?
5
What is the hundred millions digit of 1091773204?
0
What is the units digit of 29388911?
1
What is the units digit of 364253432?
2
What is the ten thousands digit of 6626263537?
6
What is the hundreds digit of 5791772579?
5
What is the hundreds digit of 126795391?
3
What is the ten millions digit of 359062936?
5
What is the hundred thousands digit of 1542440007?
4
What is the ten millions digit of 49167375?
4
What is the thousands digit of 852955797?
5
What is the hundreds digit of 173480340?
3
What is the ten thousands digit of 36595102?
9
What is the millions digit of 369275902?
9
What is the ten millions digit of 131846159?
3
What is the hundreds digit of 1826450295?
2
What is the ten millions digit of 119575155?
1
What is the hundred thousands digit of 782952392?
9
What is the hundred millions digit of 110317359?
1
What is the ten millions digit of 58525852?
5
What is the ten millions digit of 2728052585?
2
What is the hundreds digit of 68735758?
7
What is the thousands digit of 38340360?
0
What is the thousands digit of 2866229575?
9
What is the thousands digit of 1374592185?
2
What is the hundred thousands digit of 8314132?
3
What is the hundreds digit of 1600918536?
5
What is the ten thousands digit of 3072196584?
9
What is the hundred thousands digit of 4213129?
2
What is the millions digit of 91467975?
1
What is the units digit of 60547604?
4
What is the hundred thousands digit of 221624000?
6
What is the ten thousands digit of 54652185?
5
What is the ten millions digit of 37860071?
3
What is the units digit of 27895337?
7
What is the ten millions digit of 48273219?
4
What is the ten thousands digit of 1678023540?
2
What is the ten thousands digit of 73085265?
8
What is the hundred millions digit of 1101089964?
1
What is the units digit of 37960333?
3
What is the ten thousands digit of 424190982?
9
What is the hundreds digit of 47452163?
1
What is the hundreds digit of 258917307?
3
What is the tens digit of 116945563?
6
What is the units digit of 18593588?
8
What is the millions digit of 153813275?
3
What is the hundred thousands digit of 88376806?
3
What is the units digit of 66842864?
4
What is the thousands digit of 71487327?
7
What is the hundred millions digit of 276605741?
2
What is the tens digit of 936447603?
0
What is the ten thousands digit of 207780745?
8
What is the units digit of 3526960?
0
What is the billions digit of 4382681072?
4
What is the ten thousands digit of 206874083?
7
What is the ten millions digit of 265054296?
6
What is the millions digit of 60918347?
0
What is the ten millions digit of 48817667?
4
What is the thousands digit of 40756088?
6
What is the units digit of 165063055?
5
What is the thousands digit of 98452535?
2
What is the thousands digit of 1173648531?
8
What is the units digit of 134689212?
2
What is the hundred thousands digit of 167715863?
7
What is the ten thousands digit of 1382572748?
7
What is the hundreds digit of 41964839?
8
What is the ten millions digit of 144682749?
4
What is the units digit of 8171793?
3
What is the hundred thousands digit of 123968473?
9
What is the ten millions digit of 1662922539?
6
What is the hundred thousands digit of 41420744?
4
What is the millions digit of 183791076?
3
What is the units digit of 5270044218?
8
What is the hundred thousands digit of 1000674396?
6
What is the thousands digit of 340376369?
6
What is the units digit of 16889368?
8
What is the tens digit of 499822197?
9
What is the ten thousands digit of 2959340190?
4
What is the ten thousands digit of 61162918?
6
What is the units digit of 744490839?
9
What is the millions digit of 25308139?
5
What is the thousands digit of 471032425?
2
What is the ten thousands digit of 9834378?
3
What is the units digit of 248048448?
8
What is the tens digit of 76963238?
3
What is the thousands digit of 51331720?
1
What is the ten thousands digit of 790977036?
7
What is the tens digit of 77514765?
6
What is the hundreds digit of 1309930730?
7
What is the thousands digit of 88274736?
4
What is the millions digit of 734436101?
4
What is the ten thousands digit of 219401737?
0
What is the hundred thousands digit of 216242472?
2
What is the hundreds digit of 1055394961?
9
What is the thousands digit of 25338447?
8
What is the hundreds digit of 1361314384?
3
What is the tens digit of 2498419931?
3
What is the billions digit of 5390142622?
5
What is the hundreds digit of 1411899304?
3
What is the hundred thousands digit of 88930450?
9
What is the tens digit of 527103451?
5
What is the tens digit of 644574226?
2
What is the tens digit of 821399437?
3
What is the hundred thous